e remainder when 658 is divided by 22.
20
Calculate the remainder when 1370 is divided by 393.
191
What is the remainder when 79 is divided by 46?
33
What is the remainder when 314 is divided by 6?
2
What is the remainder when 1878 is divided by 19?
16
Calculate the remainder when 14227 is divided by 153.
151
Calculate the remainder when 531 is divided by 164.
39
What is the remainder when 80 is divided by 44?
36
What is the remainder when 6778 is divided by 226?
224
Calculate the remainder when 569 is divided by 72.
65
Calculate the remainder when 9025 is divided by 177.
175
What is the remainder when 271 is divided by 46?
41
Calculate the remainder when 274 is divided by 47.
39
Calculate the remainder when 1372 is divided by 679.
14
Calculate the remainder when 110 is divided by 32.
14
Calculate the remainder when 35 is divided by 23.
12
What is the remainder when 194 is divided by 31?
8
What is the remainder when 656 is divided by 183?
107
Calculate the remainder when 514 is divided by 10.
4
What is the remainder when 3663 is divided by 16?
15
What is the remainder when 73 is divided by 31?
11
What is the remainder when 3455 is divided by 27?
26
Calculate the remainder when 12 is divided by 2.
0
Calculate the remainder when 163 is divided by 55.
53
What is the remainder when 773 is divided by 62?
29
What is the remainder when 610 is divided by 191?
37
What is the remainder when 242 is divided by 91?
60
What is the remainder when 503 is divided by 42?
41
Calculate the remainder when 14 is divided by 7.
0
What is the remainder when 1252 is divided by 33?
31
Calculate the remainder when 2067 is divided by 138.
135
Calculate the remainder when 256 is divided by 30.
16
Calculate the remainder when 80 is divided by 39.
2
What is the remainder when 115 is divided by 2?
1
What is the remainder when 201 is divided by 17?
14
What is the remainder when 55 is divided by 39?
16
Calculate the remainder when 70 is divided by 53.
17
Calculate the remainder when 530 is divided by 236.
58
Calculate the remainder when 777 is divided by 19.
17
Calculate the remainder when 439 is divided by 78.
49
Calculate the remainder when 1034 is divided by 148.
146
Calculate the remainder when 1619 is divided by 277.
234
What is the remainder when 261 is divided by 69?
54
What is the remainder when 1961 is divided by 18?
17
What is the remainder when 5759 is divided by 96?
95
Calculate the remainder when 412 is divided by 135.
7
What is the remainder when 605 is divided by 29?
25
What is the remainder when 62 is divided by 41?
21
Calculate the remainder when 269 is divided by 254.
15
Calculate the remainder when 634 is divided by 22.
18
Calculate the remainder when 245 is divided by 73.
26
What is the remainder when 595 is divided by 197?
4
What is the remainder when 984 is divided by 71?
61
What is the remainder when 440 is divided by 74?
70
What is the remainder when 153 is divided by 145?
8
What is the remainder when 251 is divided by 67?
50
Calculate the remainder when 535 is divided by 77.
73
Calculate the remainder when 295 is divided by 64.
39
What is the remainder when 235 is divided by 34?
31
What is the remainder when 33 is divided by 18?
15
Calculate the remainder when 98 is divided by 20.
18
What is the remainder when 14629 is divided by 11?
10
Calculate the remainder when 303 is divided by 107.
89
What is the remainder when 8 is divided by 5?
3
What is the remainder when 116 is divided by 36?
8
What is the remainder when 190 is divided by 93?
4
Calculate the remainder when 159 is divided by 16.
15
What is the remainder when 113 is divided by 6?
5
Calculate the remainder when 663 is divided by 37.
34
What is the remainder when 2483 is divided by 92?
91
What is the remainder when 414 is divided by 19?
15
Calculate the remainder when 240 is divided by 78.
6
What is the remainder when 799 is divided by 131?
13
What is the remainder when 43425 is divided by 231?
228
What is the remainder when 1734 is divided by 35?
19
Calculate the remainder when 70 is divided by 69.
1
Calculate the remainder when 4211 is divided by 54.
53
Calculate the remainder when 1033 is divided by 44.
21
What is the remainder when 15 is divided by 4?
3
What is the remainder when 351 is divided by 313?
38
What is the remainder when 949 is divided by 119?
116
What is the remainder when 650 is divided by 106?
14
Calculate the remainder when 46 is divided by 18.
10
What is the remainder when 254 is divided by 127?
0
Calculate the remainder when 41 is divided by 22.
19
What is the remainder when 258 is divided by 60?
18
Calculate the remainder when 10521 is divided by 2630.
1
Calculate the remainder when 6880 is divided by 45.
40
Calculate the remainder when 110 is divided by 19.
15
What is the remainder when 227 is divided by 169?
58
What is the remainder when 1002 is divided by 198?
12
What is the remainder when 446 is divided by 56?
54
What is the remainder when 21 is divided by 5?
1
What is the remainder when 1389 is divided by 53?
11
Calculate the remainder when 313 is divided by 4.
1
Calculate the remainder when 758 is divided by 127.
123
What is the remainder when 672 is divided by 75?
72
Calculate the remainder when 97 is divided by 34.
29
What is the remainder when 2789 is divided by 66?
17
What is the remainder when 9234 is divided by 28?
22
Calculate the remainder when 33 is divided by 15.
3
Calculate the remainder when 397 is divided by 7.
5
What is the remainder when 117 is divided by 27?
9
Calculate the remainder when 1377 is divided by 229.
3
Calculate the remainder when 569 is divided by 32.
25
What is the remainder when 141 is divided by 34?
5
Calculate the remainder when 1502 is divided by 34.
6
What is the remainder when 5180 is divided by 19?
12
What is the remainder when 20361 is divided by 16?
9
Calculate the remainder when 938 is divided by 58.
10
What is the remainder when 82 is divided by 63?
19
Calculate the remainder when 859 is divided by 16.
11
What is the remainder when 270 is divided by 150?
120
What is the remainder when 55 is divided by 37?
18
Calculate the remainder when 73 is divided by 13.
8
Calculate the remainder when 71 is divided by 26.
19
What is the remainder when 519 is divided by 12?
3
Calculate the remainder when 373 is divided by 70.
23
Calculate the remainder when 53 is divided by 4.
1
What is the remainder when 323 is divided by 21?
8
What is the remainder when 240 is divided by 204?
36
Calculate the remainder when 369 is divided by 22.
17
Calculate the remainder when 233 is divided by 63.
44
Calculate the remainder when 215 is divided by 55.
50
What is the remainder when 3759 is divided by 22?
19
What is the remainder when 167 is divided by 92?
75
What is the remainder when 258 is divided by 29?
26
What is the remainder when 2994 is divided by 27?
24
Calculate the remainder when 82 is divided by 30.
22
Calculate the remainder when 23429 is divided by 5.
4
Calculate the remainder when 1072 is divided by 289.
205
What is the remainder when 2726 is divided by 8?
6
Calculate the remainder when 58 is divided by 16.
10
Calculate the remainder when 42 is divided by 11.
9
What is the remainder when 302 is divided by 101?
100
Calculate the remainder when 163 is divided by 55.
53
Calculate the remainder when 1844 is divided by 142.
140
Calculate the remainder when 1266 is divided by 81.
51
Calculate the remainder when 676 is divided by 68.
64
Calculate the remainder when 799 is divided by 108.
43
What is the remainder when 855 is divided by 123?
117
What is the remainder when 280 is divided by 52?
20
What is the remainder when 403 is divided by 58?
55
Calculate the remainder when 406 is divided by 99.
10
Calculate the remainder when 2965 is divided by 29.
7
Calculate the remainder when 155 is divided by 66.
23
Calculate the remainder when 4141 is divided by 414.
1
What is the remainder when 47 is divided by 18?
11
What is the remainder when 264 is divided by 2?
0
Calculate the remainder when 316 is divided by 29.
26
What is the remainder when 927 is divided by 54?
9
Calculate the remainder when 69 is divided by 8.
5
Calculate the remainder when 486 is divided by 238.
10
What is the remainder when 408 is divided by 80?
8
Calculate the remainder when 481 i